t h(d) = d - 5. Let c(r) = -9 - r**2 - 1 - 10 + 6*r + 8*r + 5. Let b be (-2)/(-7) - 164/(-14). Let i be c(b). Give h(i).
4
Let q(d) be the third derivative of 0 - 6*d**2 - 5/6*d**3 + 0*d - 1/40*d**5 + 0*d**4. Let g(k) be the first derivative of q(k). What is g(-4)?
12
Let s(h) = 4*h + 4. Let r(z) = -23*z - 21. Let u(d) = -6*r(d) - 34*s(d). Calculate u(6).
2
Let g = -13 - -10. Let m be 9/(g + 6 - 2). Let s(p) = p**3 - 8*p**2 - 7*p - 13. Let y be s(m). Let c(j) = -4*j + 6. Calculate c(y).
-14
Let f(y) = y**3 - y**2 + 1. Let g(o) = 4*o**3 - 11*o**2 + o + 13. Let x(l) = -3*f(l) + g(l). What is x(7)?
-32
Suppose 9*m = 16*m - 21. Let x be (-6)/(-9) + 2/6. Let r(i) = -3*i**2 - x + 7 - 2 - 4*i**3 - 4*i + 5*i**3. What is r(m)?
-8
Let h(s) = -s - 4. Suppose -9*p - 62 = -35. Determine h(p).
-1
Let y be -3 + (-2)/((-4)/(-6)). Let p = 8 + y. Let g(l) = 0*l**2 - l**p + 0*l**2 + l**3. What is g(0)?
0
Suppose -2*t + t = 20. Let z = t - -15. Let o(p) = -p**2 - 5*p - 4. Determine o(z).
-4
Let y = 2 + -2. Let x be 3 - (3 - y) - -3. Suppose x*t = 2*t - 3. Let a(v) = -v**3 - 4*v**2 - 3*v + 1. Calculate a(t).
1
Let t(q) be the second derivative of -q**4/12 - 2*q**3/3 + 5*q**2/2 - 24*q. Let p be -1*54/13 + (-8)/(-52). Calculate t(p).
5
Let u = -168 + 163. Let c(i) = -i**3 - 5*i**2 - 3. Calculate c(u).
-3
Let g(j) = j**2 + 4*j + 3. Let y be 6/(-8)*(54 - 50). Give g(y).
0
Let h(c) be the first derivative of -c**4/4 - 4*c**3/3 - 5*c**2/2 - 2*c - 3. Suppose v = j, -12*v = -11*v + 4*j + 15. Determine h(v).
4
Let l(v) = -2*v**2 - 2*v - 3 - 156*v**3 + 5*v + 155*v**3 - v**2. Let m(p) = p - 1. Let q be m(3). Suppose 4*x + 20 = -3*o, -q*o - x - 10 = -0*x. Determine l(o).
1
Let x(p) be the first derivative of p**4/4 - 3*p**3 + 3*p**2/2 + p + 27. Calculate x(9).
28
Let t(m) = -m**3 - 4*m**2 + 2*m - 9. Let i be t(-5). Let h(p) = i*p - 8 + 11*p - 14*p. Calculate h(6).
10
Suppose -4 = 31*s - 35*s. Let m(i) = 37*i**3 - i**2 + i. What is m(s)?
37
Let t be (-1)/((-4)/(-24) - (-14)/(-12)). Let u(d) be the first derivative of 0*d - t - d**2 + 1/2*d**4 + 1/3*d**3. What is u(-2)?
-8
Let g(m) = m**2 - 6*m + 3. Let p(s) be the third derivative of -s**6/120 - s**5/12 - s**4/6 + s**3/3 + 13*s**2. Let o be p(-4). Determine g(o).
-5
Let o(g) = 16 + 27*g**3 + 7*g**2 - 26*g**3 + 8*g - 9. What is o(-6)?
-5
Let o = -77 - -86. Suppose n - 10 - o = -3*t, 2*t + 2*n = 18. Let j(w) = w**2 - 7*w + 5. Determine j(t).
-5
Let k(l) be the first derivative of l**4/4 - 5*l**3/3 + 2*l**2 + 2*l + 5. Let w be 3*((-12)/9)/2. Let g be (-9)/(-2) + w/4. Give k(g).
2
Let r(g) be the second derivative of 0 - g**3 - 32*g - 3/2*g**2. Give r(-2).
9
Let b(i) be the first derivative of i**2/2 + 11*i - 792. Give b(5).
16
Let p(d) = d + 2. Suppose 262 = 64*u - 186. Determine p(u).
9
Let i be (-40)/15*(-9)/(-6). Let n be -10*(44/(-10) - i). Suppose -n = -q - q. Let v(o) = -4*o. What is v(q)?
-8
Suppose -45 = -2*o - 9. Let y(s) = -o - 3*s + 8 + 10. What is y(5)?
-15
Let w(b) be the third derivative of -b**6/120 - b**5/15 + b**4/12 + 67*b**2 - 9*b. Let o be (-4)/(-18) - (-38)/(-9). Calculate w(o).
-8
Let g(m) be the second derivative of m**8/1120 + m**7/1260 - m**6/360 + m**5/120 - 19*m**4/12 - 2*m. Let i(y) be the third derivative of g(y). Give i(1).
7
Let k(n) = -6*n - 13. Let h(z) = 7*z + 14. Let x(t) = 5*h(t) + 6*k(t). Let c(d) = -d**2 + 11*d + 96. Let i be c(17). What is x(i)?
-2
Let f(y) = y**2 + 6*y - 1. Let s(d) = -3*d - 3. Let i be s(-3). Let g = 423 - 416. Suppose g*x - i*x = -5. Calculate f(x).
-6
Let o(m) = 3*m - 11. Let h be (158/14 + -9)*42/(-12). Calculate o(h).
-35
Let g(i) = -i**3 + 11*i**2 + 11*i + 8. Let y(z) = z**2 + z + 1. Suppose l - 2*p = -8, 16 = -5*l - p - 13. Let s(x) = l*y(x) + g(x). Calculate s(6).
-4
Let h be (-2)/(5 + -4) - -4. Let q(u) = -u**h + 0*u + 7*u - 5*u + u. Suppose 0 = -j - 3*j + 24. Calculate q(j).
-18
Let y(h) = h**3 + 10*h**2 - h - 7. Let i(m) = -2*m**3 - 22*m**2 + 2*m + 15. Let f(r) = -6*i(r) - 13*y(r). Suppose -4*c + 10 = c. Determine f(c).
3
Let c(x) = -3*x - 63. Let a be c(-22). Let z(h) = h**3 - 2*h**2 - 3*h + 2. Determine z(a).
2
Let f(p) = 6 + 0*p + p - 2. Let g be 0 - 99/4 - (-6)/(-24). Let s = -22 - g. Determine f(s).
7
Let u(h) = h**2 - 12*h - 1. Let f be 13/(364/(-64))*-7 - 1. Determine u(f).
44
Let y(k) = -25*k**3 + 5*k**3 + 2*k**2 + 3*k**3 + 5 - 3 - 3. Calculate y(1).
-16
Let c(m) be the third derivative of -m**4/24 - 9*m**2. Suppose 0 = -31*t + 25*t + 18. What is c(t)?
-3
Let q(a) be the third derivative of -23*a**5/60 - a**3/6 + 2*a**2 + 83. Give q(-1).
-24
Let d(q) be the first derivative of -q**2 + 6*q + 3. Let c = 14 + -18. Let u be (-20)/c*8/10. What is d(u)?
-2
Let w(g) be the second derivative of g**5/20 + g**4/2 - 7*g**3/6 + 3*g**2 - 19*g + 2. Give w(-7).
6
Let f(x) = 19*x - 2 - 71*x + 51*x. Give f(-3).
1
Let h(r) = 7*r**3 - 13*r**2 - 24*r + 26. Let n(q) = -11*q**3 + 19*q**2 + 37*q - 39. Let c(j) = 8*h(j) + 5*n(j). Determine c(10).
43
Let x(d) = -d**2 + 0*d + d + 0*d. Let g(i) = i**3 - 5*i**2 + 2*i + 6. Suppose -4*r - 12 = 0, 2*m + 3*r + 1 = -10. Let j(p) = m*g(p) - 2*x(p). Give j(6).
6
Let m(i) be the second derivative of -7*i**3/2 - i**2/2 + 479*i. Calculate m(1).
-22
Let z(a) be the third derivative of a**4/24 + a**3/2 - 16*a**2 - 3*a. Give z(5).
8
Suppose -5*p + 16 = 3*u - 10*p, -4*u - 4*p = 0. Let h(g) = -g**2 + g + 2. Determine h(u).
0
Let b(h) = 31*h**2 - 65*h - 5. Let x(p) = 11*p**2 - 23*p - 2. Let y(c) = -6*b(c) + 17*x(c). What is y(4)?
8
Let u(i) = 3*i**2 + 6*i - 3. Let l = -1 - -5. Let v(c) be the first derivative of -7*c**3/3 - 13*c**2/2 + 7*c - 37. Let w(s) = l*v(s) + 9*u(s). Determine w(2).
1
Let u(z) = z - 34 - 2*z**3 + 34. Determine u(-2).
14
Let n(j) = -j**3 + 10*j**2 - 10*j - 2. Suppose 23*y = 19*y + 8. Suppose -2*b = -2*w + 16, y*w - 11 = w - 2*b. Calculate n(w).
-11
Suppose 51 = -2*o + 57. Let m(y) be the second derivative of y**4/12 + y**3/2 + 2*y. Give m(o).
18
Let k(q) = -45*q**2. Let z = -1415 + 1414. Give k(z).
-45
Let k(b) be the third derivative of -b**5/60 - b**4/3 + 5*b**3/2 + 309*b**2. Calculate k(-10).
-5
Let y(w) be the first derivative of 2*w**3/3 + 2*w**2 + 4*w - 79. What is y(-5)?
34
Let x(w) = 5*w - 1. Suppose -18*y - 2 = -16*y. Let p be x(y). Let h(f) = f**3 + 7*f**2 + 5*f - 7. Give h(p).
-1
Let y(k) = -14*k + 14. Let i(q) = 9*q - 6. Let d(b) = 9*b - 5. Let v(x) = -3*d(x) + 4*i(x). Let z(n) = -8*v(n) - 5*y(n). Give z(-3).
8
Let t(s) = -s**2 + 5*s + 0*s - 4 - 4*s + 9*s. Determine t(9).
5
Let v(d) = -d**2 + 3*d - 12. Let m(h) = h - 1. Let j(u) = -3*m(u) + v(u). Calculate j(0).
-9
Suppose 3*u + 13 = d, -4*u - 20 = 2*d - 4*d. Suppose -w = -2*m + 5, 4*m - 5*w - 3 - d = 0. Let n(k) = -k**3 + 3*k**2 + k + 2. Calculate n(m).
5
Let h = 235 - 233. Let t(u) = -u**3 + 4*u**2 - 3*u. Determine t(h).
2
Let q = -38 + 40. Let n = q - -3. Let d(a) be the third derivative of a**4/24 - a**2. Determine d(n).
5
Let s(p) be the first derivative of 2 - 1 - 3 + 2*p**2 - p**3 - 2*p. Suppose r = -5*g + 7, -5*g + 6 - 5 = 3*r. Calculate s(g).
-6
Let c(y) = -6*y**2 - 2*y - 2. Let z be (-3)/((114/4)/19). Determine c(z).
-22
Let g(w) be the second derivative of -1/120*w**5 + w + 0 + 5/12*w**4 + 0*w**2 - 1/90*w**6 + 0*w**3. Let a(j) be the third derivative of g(j). What is a(-1)?
7
Let h(u) = -u**2 - 6*u + 2. Suppose -2*p + 5*p - 60 = 0. Let o be 0*(-3)/((-18)/3). Suppose 4*r - p = o, 3*g - r = -3*r - 8. Calculate h(g).
2
Let l = 44 - 22. Let y = l + -18. Let j be 1 + (-4 - -6 - y). Let x(q) = -7*q**3 + q**2 + 2*q + 1. Give x(j).
7
Let l(g) be the first derivative of -3*g - 1/4*g**4 + 5 - g**2 + 0*g**3. Let q = 0 - 2. Calculate l(q).
9
Let j(x) = x**2 + x - 5. Let v(h) = -8*h**2 + 12*h + 17. Let r(g) = -4*j(g) - v(g). Give r(4).
3
Let s(x) be the third derivative of 0 + 0*x**5 + 0*x - 1/6*x**3 - 3/40*x**6 + 0*x**4 - 7*x**2. Suppose -8*g + 3*g - 13 = -2*a, -5*a = -20. Calculate s(g).
8
Let y(f) be the third derivative of -11*f**5/60 + f**3/3 - 3*f**2 - 209*f. Give y(-1).
-9
Let y(o) = o - 2. Suppose 4*r = -25 + 33. Suppose 15 = -r*j - j. Determine y(j).
-7
Let t(x) = -x**3 + 8*x**2. Let g(k) = k - 7. Suppose 2*p + 4*u - 14 = 0, -2*p + 3*u + 50 = -2*u. Let i be g(p). Calculate t(i).
0
Let y(w) be the second derivative of -w**6/120 - w**5/30 - w**4/12 - 3*w*